e -5*i = -3*t + 44, 0*i + 1 = -i. What is the highest common divisor of t and o?
13
Suppose 0 = -g + 2. Suppose 0 = g*o - 1 + 17. Let a = 20 + o. What is the greatest common divisor of a and 24?
12
Suppose -3*t + 6 = -9, -2*n + 10 = -2*t. Let o be n + 0 + 2 + -5. Calculate the greatest common factor of 77 and o.
7
Let o = 91 - -29. Let t(c) = -c**3 + 6*c**2 + 2*c + 3. Let w be t(5). Suppose -4 = -2*m + 6*m, -3*g + 2*m = -w. What is the greatest common divisor of g and o?
12
Let m = -8 + 18. Let a be ((-45)/m)/(6/(-16)). Calculate the highest common divisor of 48 and a.
12
Let v be -1 + (2/1 - -4). What is the greatest common divisor of v and 15?
5
Let g(c) = 33*c**2 - 1. Let s be g(-1). Calculate the greatest common divisor of s and 160.
32
Suppose 9 = b - 5. Let t(z) = -8*z + 7. Let v be t(7). Let n = -28 - v. Calculate the highest common divisor of b and n.
7
Let r(n) = 2*n**2 - n**2 - n**2 + n**2. Suppose 8 = 2*c + 2*c. Let j be r(c). Calculate the greatest common factor of j and 36.
4
Let f = 73 + -49. Calculate the greatest common factor of f and 6.
6
Suppose 2*s - 6*s - 5*h = -45, -2*h + 52 = 5*s. What is the greatest common divisor of 90 and s?
10
Let a be 14/(-6)*(18 - 3). Let d be (-110)/4*56/a. What is the greatest common divisor of d and 4?
4
Let w be 17 + (-18)/6*(1 + 0). Calculate the highest common factor of 2 and w.
2
Suppose -1 = -2*s + 11. Let m = 3 - -15. Calculate the greatest common divisor of s and m.
6
Let b(r) = r**3 + 7*r**2 - 1. Let j be b(-7). Let m be 4*j*2/4. Let l be (-72)/(-7) + m/7. What is the highest common factor of l and 10?
10
Let i(l) = -3*l + 5. Let q be 5/2*(-2)/(-1). Let g be i(q). Let c be (-134)/g - (-6)/(-15). Calculate the highest common divisor of 26 and c.
13
Suppose 4*o + 5 = -l, -l - o = 3 - 10. Let x = 25 + -24. What is the highest common factor of l and x?
1
Suppose 5 = 2*i - 1. Suppose i*n + 6 = 24. Let m be (2/(-8))/(3/18)*-8. What is the greatest common factor of n and m?
6
Suppose 2*m = -4*m + 300. What is the greatest common divisor of 10 and m?
10
Suppose -5*n + 103 = 3*a, 4*n - 4*a = 93 - 17. What is the greatest common factor of 30 and n?
10
Suppose 128 = 4*v - 3*u + 7*u, -178 = -5*v + 4*u. Calculate the greatest common divisor of 17 and v.
17
Let h be 14/(-70) - 21/(-5). Suppose -1 = -h*s + 19. Calculate the greatest common factor of 10 and s.
5
Suppose 0 = 5*s - 16 - 54. Calculate the greatest common divisor of 14 and s.
14
Suppose -2*q + 19 = w, q + 5*w - 23 = -0*q. Suppose 2*x - 3*i = -q, -4*x - i + 4*i = 4. Let d = -21 - -29. What is the highest common factor of x and d?
2
Let x = -7 - -35. What is the highest common factor of x and 70?
14
Suppose 18*b + 210 = 21*b. What is the highest common factor of b and 14?
14
Suppose -24 - 76 = -5*v. What is the greatest common divisor of 4 and v?
4
Let i be 0/(2 + (1 - 2)). Let w(k) = 2*k - 1. Let v be w(3). Suppose q - v = -i*q. Calculate the highest common divisor of 35 and q.
5
Let x(i) = -i**3 - 11*i**2 - 2*i + 6. Let v be x(-11). What is the highest common factor of v and 84?
28
Suppose 7*y - 45 = 2*y. Let b(x) = 2*x**3 + 14*x**2 - x + 20. Let v be b(-7). What is the highest common factor of v and y?
9
Suppose -s + 18 = -0*s. Suppose -s = -2*m + 30. What is the greatest common divisor of 16 and m?
8
Let y be (16*-1)/((-4)/6). Let w(a) = a + 7. Let c be w(-7). Suppose 4*v + c*v = 48. Calculate the highest common divisor of y and v.
12
Let k be 2 + 7/(21/426). What is the greatest common divisor of 24 and k?
24
Let v = -104 - -164. What is the highest common factor of v and 24?
12
Let l be (-3 + 1)/(2/(-3)). Let g(t) = t**2 - 4*t + 3. Let r be g(4). What is the greatest common divisor of l and r?
3
Let m = 7 + 3. Calculate the highest common factor of 10 and m.
10
Let m be 1/(-2)*(-16)/4. Suppose 0 = 2*d - 3*d - 1, 0 = 3*j + m*d - 13. Calculate the highest common factor of 20 and j.
5
Let b(w) = -w**3 + 10*w**2 + 15*w - 38. Let i be b(11). Calculate the greatest common divisor of i and 54.
6
Let o be (1/2*0)/(-2). Suppose o = g - 5*g + 3*l + 25, 2*l = -4*g + 10. Let n = -43 + 75. Calculate the greatest common divisor of n and g.
4
Let g(o) = -o + 64. Let x be g(0). Let c = x + -8. Calculate the highest common divisor of 8 and c.
8
Let s = 2 - 2. Suppose f = 2*f - 3*y - 302, s = 5*f + y - 1494. Suppose -f = -3*u - 56. Calculate the highest common divisor of u and 9.
9
Suppose 2*v + 102 = 36. Let d = v - -51. What is the highest common divisor of d and 144?
18
Suppose -2*r - 3*g + 29 = -17, 0 = -2*r + 5*g + 30. Suppose 4*t + 2*q - 14 - 8 = 0, 0 = -q + 3. What is the highest common divisor of r and t?
4
Let g be ((-15)/(-9))/(3/9). Let u be ((-48)/(-28))/(4/182). Suppose 7*r = 3*r - b + 176, -2*r = 3*b - u. What is the highest common divisor of g and r?
5
Let o(v) = -v**2 + 12*v + 14. Let i be o(12). Suppose -2*n + 43 = 5*q, 2*q + 3*n - 13 = 13. Calculate the highest common divisor of i and q.
7
Let g(f) = -2*f - 6. Let b = 9 - 21. Let j be g(b). Calculate the highest common divisor of j and 2.
2
Suppose 2*h = -3 - 3, -3*l = -h - 153. Let u(k) = -k**2 - 8*k + 8. Let j be u(-6). What is the highest common divisor of l and j?
10
Let g be (1 + 106)*(2 - 1). Let m = 18 - 44. Let r = g - m. What is the greatest common factor of r and 19?
19
Let k = 0 - -8. What is the highest common divisor of k and 64?
8
Let s(q) = 22*q**2 - 1. Let m(c) = -c**2 - 5*c + 3. Let x be m(-6). Let v = -2 - x. Let z be s(v). What is the highest common divisor of 3 and z?
3
Let i(o) = -11*o - 3. Let m be i(5). Let b = 82 + m. Calculate the highest common divisor of 8 and b.
8
Let h = 2 + 5. Suppose -3*j + h*j = 300. What is the greatest common factor of j and 30?
15
Let o(h) = 4*h**3 + 2*h**2 - 1. Let u be o(1). Let n = 40 - 35. Suppose u*f = -0*f + n. What is the highest common divisor of 11 and f?
1
Let h be -3 + (1 - 0/(-2)). Let c be 354/10 - h/(-5). Calculate the greatest common divisor of 5 and c.
5
Let z(j) = j**3 + 4*j**2 - 6*j - 4. Let k = -17 + 12. Let p be z(k). Let b be p/3*(4 - -2). Calculate the greatest common factor of 1 and b.
1
Let p be 4/(-14) + (-1035)/(-21). Let c = p - -10. Suppose -491 = -4*o - c. What is the greatest common factor of o and 12?
12
Let j be 16/88 + (-438)/(-11). Calculate the greatest common divisor of j and 16.
8
Suppose 3*j - 2*j - 4 = 0. Suppose -b + 285 = j*b. Suppose 2*x + 15 = b. What is the greatest common divisor of x and 168?
21
Let v = 233 + -223. Let l(m) = m**2 - 2*m - 5. Let p be l(5). What is the highest common factor of p and v?
10
Suppose 831 = 5*l - 3*s, 0 = 5*s - 4*s + 2. Calculate the highest common factor of l and 15.
15
Let v be -1 + (-7)/(28/(-208)). Suppose -3*j + 5*o + 26 = -25, 0 = 3*j + 4*o - v. What is the greatest common factor of j and 51?
17
Let p = 45 + -15. What is the greatest common divisor of p and 330?
30
Let n = 15 - 1. What is the highest common factor of 112 and n?
14
Suppose -3*l = 6, -2*n - 5*l = -l + 32. Let q be 2*2*21/n. Let s = q - -21. Calculate the greatest common divisor of s and 2.
2
Suppose 5*p - 133 = -43. What is the greatest common divisor of p and 27?
9
Suppose -66 = 2*x - 264. What is the highest common factor of 11 and x?
11
Let r be 1*(-3)/3*-75. Suppose o - 4*z - 16 = 0, -o + 3*z = 5*z + 14. Let a be (-58)/o + 3/6. Calculate the greatest common divisor of r and a.
15
Let l(b) = -b + 19. Let i be l(-3). Calculate the greatest common factor of i and 77.
11
Let k = -92 + 172. Suppose 4*i = -3*a - 25, -4*a + 4*i - 6*i - 40 = 0. Let p(d) = -d - 1. Let b be p(a). What is the highest common factor of b and k?
10
Let v(u) = u - 1. Suppose 0 = 3*s - 3*f + 6, 4*s + 2*f - f = 17. Let c be v(s). Calculate the highest common factor of c and 3.
1
Suppose 4*a + 12 - 52 = 0. Let r be -19*-1*(2 - 1). Let s = r + -9. Calculate the highest common factor of s and a.
10
Suppose 0 = -4*i - 5*o + 15, 1 = -6*o + 5*o. What is the greatest common divisor of i and 155?
5
Suppose 2*r - 4 = -4*o, -2*r + 6 - 1 = 5*o. Let i be (-3 - (0 + r)) + 11. What is the greatest common factor of i and 4?
4
Let f(t) = t**2 - 3*t + 4. Let j be f(3). Let v be ((-26)/4)/(1/j). Let c = -13 - v. Calculate the highest common divisor of c and 143.
13
Suppose y - 3*s - 30 = -2*s, 2*y + s = 60. Suppose -4*m + 527 - 77 = 